 be c(-8). Let y be 177/2 + 9/n. What is the highest common divisor of 20 and y?
10
Let f be -1 - 2*-64 - (134 + -134). Calculate the highest common divisor of 25019 and f.
127
Let k be -1 - 1*(-7)/((-14)/(-8)). Suppose -4*f - 2*j + 367 = -k*j, 5*j = -3*f + 258. Calculate the highest common divisor of f and 21.
7
Let l(p) = 8*p**2 - 89*p - 810. Let b be l(-8). What is the greatest common divisor of 180 and b?
18
Let j = 2308 + -1873. What is the greatest common divisor of 87 and j?
87
Let u(h) = -h**2 + 5*h + 27. Let n be u(7). Suppose -n = -4*x + 12*o - 15*o, 4*o = -4. What is the highest common divisor of 8 and x?
4
Let j(d) = -47*d + 54. Let u be j(-6). Let o be -3 - (-2 - 50/2). Let p = o - -18. What is the greatest common factor of u and p?
42
Suppose 48 = 2*t - 8. Let r = 48 + -47. Let u be ((-768)/(-18) - r) + (-1)/(-3). What is the highest common divisor of u and t?
14
Suppose -251*n + 2*n - 6409 = -61687. Calculate the highest common factor of n and 42.
6
Suppose -218 = -9*m + 4*z, -3*z + 16 + 22 = m. What is the highest common divisor of 12454 and m?
26
Let b = -10133 - -10197. Calculate the highest common divisor of b and 304.
16
Let k(w) = w**2 - 21*w - 83. Let x be k(-4). Suppose 0 = x*c + 172 - 1090. Calculate the greatest common factor of 24 and c.
6
Let l(j) = j**2 - 10*j + 48. Let m be l(34). What is the highest common factor of 18 and m?
18
Suppose p - 222 = -4*o, 35*o + 1134 = 5*p + 43*o. Calculate the highest common factor of p and 2254.
46
Suppose -1352*z + 1266*z = -136396. What is the highest common factor of z and 130?
26
Let r(a) = 694*a + 3853. Let l be r(18). What is the greatest common divisor of l and 70?
35
Let f(r) = -154*r**3 + r**2 + 8*r + 7. Let p be f(-1). Calculate the highest common divisor of 2233 and p.
77
Suppose 2035 = 5*j - 5*l, 30*l = -3*j + 27*l + 1209. Suppose 13*p = 18*p - j. Calculate the greatest common divisor of 3 and p.
3
Let r = -161 - -185. Calculate the highest common divisor of r and 90.
6
Suppose -8*d + 13*d + 33285 = 20*d. Calculate the highest common divisor of d and 7.
7
Let j = 0 + -3. Suppose -4*s - 120 = -2*x, 4*x + 11 = -2*s - 79. Let b be s*(4 - (-13)/j). Calculate the highest common divisor of b and 44.
11
Suppose 143*q - 8748 = 18*q - 37*q. Calculate the greatest common factor of q and 8802.
54
Suppose 0 = 9*v + 2804 - 8474. Calculate the highest common divisor of 770 and v.
70
Let x(d) = 70*d**2 + 136*d + 321. Let v be x(-5). Let y be 1 - (-10 + 1) - -3. What is the highest common factor of v and y?
13
Suppose 0 = -172*u + 165*u + 980. Let r = 56 + u. Calculate the highest common factor of r and 28.
28
Suppose -97 = 10*j - 367. Calculate the highest common divisor of 4887 and j.
27
Suppose -d - 612 = -4*h, -4*d + 479 = 3*h + 1. Let a be ((-16)/(-6))/((-4)/(-42)). Let j be a/(-4 - (-12)/2). Calculate the highest common factor of h and j.
14
Suppose 6*w - 5*w - 14 = 0. Let p = -918 + 467. Let k be (-12)/16 - p/4. Calculate the greatest common factor of w and k.
14
Let h(k) = -k**3 - 79*k**2 - 2*k - 30. Let c be h(-79). What is the greatest common divisor of c and 44416?
128
Let a = 742 - 714. Calculate the greatest common factor of 574 and a.
14
Suppose n = -3*n + 80. Let x be 160/12 + 1 + (-14)/(-21). Calculate the greatest common factor of n and x.
5
Suppose -12*m + 36 = 4*o - 8*m, 4*o + m = 21. Suppose -14 = o*s - 126. Calculate the greatest common divisor of 308 and s.
28
Suppose 5*c - 2*c + 6 = 0. Suppose -30*y - 51*y + 10*y = 142. Let i be c/((-16)/(-6) - (1 - y)). Calculate the greatest common factor of 2 and i.
2
Let z be (-9 + 2)/1 + -2. Let q be (z - -3)/((-6)/(-84)*-3). Calculate the greatest common divisor of 364 and q.
28
Let l be (-40)/140 - ((-30)/7 + 0). Suppose -2*z = 5*a - 14, 11 = 2*z - l*a - 21. Let u be (-2)/(-3) - 32/(-6). What is the highest common divisor of z and u?
6
Suppose -g - 2*g = 477. Let f(n) = -122*n + 67. Let w be f(-2). Let o = w + g. Calculate the highest common divisor of 8 and o.
8
Let z be (3392/48)/(9/54). What is the greatest common divisor of z and 3869?
53
Let d = 3440 + -2480. What is the highest common factor of 45 and d?
15
Let q be 7/(-21)*6 - -10. Suppose 0 = -y + 3*c - q, c + 4 = 7. Calculate the highest common factor of 1 and y.
1
Let w(o) = 220*o - 346 - 97*o - 70*o. Let v be w(7). Let i = 13 - 8. Calculate the highest common divisor of v and i.
5
Let x(s) = -2*s - 31. Let i be x(-17). Let t be (-96)/((-1)/(6/i)). Suppose -9*q + t = -7*q. What is the highest common factor of q and 32?
32
Let m = 92 - -20. Let v be (126/5)/(28/12 - 1525/750). Calculate the greatest common divisor of m and v.
28
Let s = -220 - -223. Suppose 0 = -4*c + 4*j + 28, c + 2 = -s*j + 13. Calculate the greatest common divisor of c and 14.
2
Let p = -1719 - -1749. Calculate the highest common factor of p and 72.
6
Suppose 8*n = 10*n - 6. Suppose f - 5*r = 2*f - 17, 0 = f - 5*r - 17. What is the highest common divisor of f and n?
1
Let m = 2251 - 2221. What is the highest common divisor of m and 6135?
15
Suppose -11*t = -76 - 45. Suppose 7*z = 45 + t. Suppose 16*m - 12*m - 352 = 0. What is the greatest common divisor of m and z?
8
Suppose -o + 5*n + 392 = 0, -4*n = 3*o - 0*n - 1214. Let q = o - 380. What is the greatest common factor of 143 and q?
11
Suppose 461*n - 457*n - 104 = 0. What is the highest common divisor of 1807 and n?
13
Let w = -3876 + 4047. What is the highest common divisor of 1425 and w?
57
Let i be 7/3 - 256854/(-234). What is the highest common divisor of i and 300?
100
Let x be (-10 - 416/(-48))*-468. Calculate the greatest common divisor of x and 1599.
39
Let i be (0 + -1)*4/(-4). Suppose -6*h = -31*h + 900. What is the highest common factor of i and h?
1
Let p be ((-76)/(-95))/((-2)/320). Let x = 173 + p. What is the highest common divisor of x and 36?
9
Let z(n) = 11*n + 286. Let m be z(-13). Suppose -43*h + m = -158. What is the highest common divisor of h and 413?
7
Let f be 19 + 3 + -7 + 4 + (89 - 71). Let t be 2/(((-12)/(-466))/(-3)). Let r = t + 492. Calculate the highest common factor of r and f.
37
Let l be (-4)/(-36) + (5542714/153 - -18). What is the greatest common factor of l and 11?
11
Suppose -230*h + 4193 = -211*h - 3502. Calculate the greatest common divisor of h and 1005.
15
Let b = 689 + -365. Suppose -8*j + 108 + b = 0. Suppose 4*o + z = j, 6*z - z + 3 = o. What is the highest common divisor of o and 65?
13
Let r = 1670 - 1142. Calculate the greatest common divisor of 816 and r.
48
Let w be (1 - -2)*(15 - 14). Suppose 14*b - 12*b + 175 = w*h, 289 = 5*h - 4*b. Calculate the greatest common divisor of h and 305.
61
Let r = -2 - 0. Let t = r - -7. Let p(w) = -13*w - 166. Let y be p(-17). Calculate the greatest common divisor of y and t.
5
Let w(f) = -18*f**2 - 691*f - 162. Let l be w(-38). Calculate the greatest common divisor of 3224 and l.
104
Suppose -2*r - 634 = 10*q - 5*q, -5*r = -4*q - 527. Let j be (-16)/20 - q/10. Calculate the highest common divisor of j and 12.
12
Suppose -d = -3*h + 207, 18*d = 13*d + 5*h - 1005. Let p be ((-2)/(-3))/(987/d + 5). Let w be 3 + (3 + -2)/1. Calculate the highest common divisor of p and w.
4
Let t = -287 - -292. Suppose t*n - 75 = 5*x, -2*n + 6*n = 5*x + 62. What is the greatest common divisor of 52 and n?
13
Suppose 0 = -10*v + 5*v. Suppose 2*a + 9 = b - a, a + 1 = v. Let k = 510 - 444. What is the highest common factor of k and b?
6
Suppose 0 = 655*r - 662*r + 28. Suppose 126 = 5*a + 4*x, r*a - x = 6 + 78. What is the greatest common factor of 11 and a?
11
Let d be (-279372)/(-434)*1/3 + (-16)/28. What is the highest common factor of 46 and d?
2
Let j be (-1)/((-16)/(-1324)) + 2/(-8). Let i(h) = h**3 - 5*h**2 + 8*h + 2. Let m be i(5). Let d = m - j. Calculate the greatest common factor of 50 and d.
25
Suppose 0 = -4*k - 3*b + 749, 4*b + 157 + 386 = 3*k. What is the highest common factor of 5069 and k?
37
Suppose 36*x - 34*x - 3379 = -3*c, 0 = x + 1. Calculate the highest common divisor of c and 35.
7
Suppose 5*c - 32 - 28 = 0. Suppose -133*w + 18252 = 205*w. What is the highest common divisor of w and c?
6
Suppose -27*f = 2*f - 116. Calculate the highest common divisor of f and 5812.
4
Suppose -36 = -7*b + 8*b. Let k be (-72 - b)/(3*(-1)/2). Calculate the highest common di